{"id":249,"date":"2023-02-27T22:49:50","date_gmt":"2023-02-27T21:49:50","guid":{"rendered":"http:\/\/osadnicy.org.pl\/?page_id=249"},"modified":"2025-01-21T17:53:43","modified_gmt":"2025-01-21T17:53:43","slug":"siedziba-zos-i-bursy","status":"publish","type":"page","link":"https:\/\/osadnicy.org\/index.php\/osadnictwo-w-ii-rp\/siedziba-zos-i-bursy\/","title":{"rendered":"Siedziba ZOS i bursy"},"content":{"rendered":"\n<p>Podwaliny pod Centralny Zwi\u0105zek Osadnik\u00f3w Wojskowych [od 1929 roku \u2013 Zwi\u0105zek Osadnik\u00f3w] po\u0142o\u017cono w momencie, gdy zarz\u0105dzanie osadami wojskowymi przekazano w r\u0119ce \u201ecywilne\u201d.&nbsp; W pocz\u0105tkowym okresie zmiana ta by\u0142a wy\u0142\u0105cznie zmian\u0105 kosmetyczn\u0105, poniewa\u017c zamiast dow\u00f3dc\u00f3w kolumn mianowano kierownik\u00f3w grup osadniczych. Zim\u0105 1921\/1922 roku14 odby\u0142 si\u0119 I Wielki Zjazd, na kt\u00f3rym utworzono organizacj\u0119, maj\u0105c\u0105 swoim zasi\u0119giem obj\u0105\u0107 kierownictwo ca\u0142ej akcji osadniczej (Bonkowicz-Sittauer, 1934, s. 527). Tak narodzi\u0142 si\u0119 Centralny Zwi\u0105zek Osadnik\u00f3w Wojskowych z siedzib\u0105 w Warszawie, kt\u00f3rego pierwszym przewodnicz\u0105cym zosta\u0142 Jerzy Bonkowicz-Sittauer. Bocian (1934, s. 276) podaje \u2013 za sprawozdaniem Zwi\u0105zku za okres 1931\u20131933, \u017ce Zwi\u0105zek liczy\u0142 w tamtym okresie 17 tys. cz\u0142onk\u00f3w, z czego prawie 8 tys. osadnik\u00f3w wojskowych i 9 tys. osadnik\u00f3w cywilnych.<\/p>\n\n\n\n<p>[Konrad Krystian Ku\u017ama, Spo\u0142eczne znaczenie osadnictwa wojskowego na ziemiach wschodnich II Rzeczpospolitej, Nowa Polityka Wschodnia, nr 1 (24), 2020]<\/p>\n\n\n<div class=\"wp-block-image\">\n<figure class=\"aligncenter size-full\"><img loading=\"lazy\" decoding=\"async\" width=\"800\" height=\"510\" src=\"https:\/\/osadnicy.org\/wp-content\/uploads\/2025\/01\/mysliwiecka_8_04.jpg\" alt=\"\" class=\"wp-image-594\" srcset=\"https:\/\/osadnicy.org\/wp-content\/uploads\/2025\/01\/mysliwiecka_8_04.jpg 800w, https:\/\/osadnicy.org\/wp-content\/uploads\/2025\/01\/mysliwiecka_8_04-300x191.jpg 300w, https:\/\/osadnicy.org\/wp-content\/uploads\/2025\/01\/mysliwiecka_8_04-768x490.jpg 768w\" sizes=\"auto, (max-width: 800px) 100vw, 800px\" \/><\/figure>\n<\/div>\n\n\n<p>Siedzib\u0105 Zwi\u0105zku by\u0142a Warszawa, a konkretnie \u2013 w drugiej po\u0142owie lat 30. XX w. \u2013 budynek przy ulicy My\u015bliwieckiej 8, gdzie dzi\u015b miesz\u0105 si\u0119 wydzia\u0142y Akademii Sztuk Pi\u0119knych. Gmach ten, projektu Kazimierza To\u0142\u0142oczki, powsta\u0142 w okresie 1925 \u2013 1930 z przeznaczeniem na Internat niezamo\u017cnych s\u0142uchaczek seminarium nauczycielskiego, lecz z powodu zaleg\u0142o\u015bci w sp\u0142atach zaci\u0105gni\u0119tego na ten cel kredytu zlicytowano go. W 1936 roku budynek przekazano w zarz\u0105d ZOS-u, kt\u00f3ry prowadzi\u0142 tam burs\u0119. &nbsp;<\/p>\n","protected":false},"excerpt":{"rendered":"<p>Podwaliny pod Centralny Zwi\u0105zek Osadnik\u00f3w Wojskowych [od 1929 roku \u2013 Zwi\u0105zek Osadnik\u00f3w] po\u0142o\u017cono w momencie, gdy zarz\u0105dzanie osadami wojskowymi przekazano w r\u0119ce \u201ecywilne\u201d.&nbsp; W pocz\u0105tkowym okresie zmiana ta by\u0142a wy\u0142\u0105cznie<\/p>\n","protected":false},"author":1,"featured_media":0,"parent":47,"menu_order":0,"comment_status":"closed","ping_status":"closed","template":"","meta":{"footnotes":""},"class_list":["post-249","page","type-page","status-publish","hentry","comments-off"],"_links":{"self":[{"href":"https:\/\/osadnicy.org\/index.php\/wp-json\/wp\/v2\/pages\/249","targetHints":{"allow":["GET"]}}],"collection":[{"href":"https:\/\/osadnicy.org\/index.php\/wp-json\/wp\/v2\/pages"}],"about":[{"href":"https:\/\/osadnicy.org\/index.php\/wp-json\/wp\/v2\/types\/page"}],"author":[{"embeddable":true,"href":"https:\/\/osadnicy.org\/index.php\/wp-json\/wp\/v2\/users\/1"}],"replies":[{"embeddable":true,"href":"https:\/\/osadnicy.org\/index.php\/wp-json\/wp\/v2\/comments?post=249"}],"version-history":[{"count":1,"href":"https:\/\/osadnicy.org\/index.php\/wp-json\/wp\/v2\/pages\/249\/revisions"}],"predecessor-version":[{"id":596,"href":"https:\/\/osadnicy.org\/index.php\/wp-json\/wp\/v2\/pages\/249\/revisions\/596"}],"up":[{"embeddable":true,"href":"https:\/\/osadnicy.org\/index.php\/wp-json\/wp\/v2\/pages\/47"}],"wp:attachment":[{"href":"https:\/\/osadnicy.org\/index.php\/wp-json\/wp\/v2\/media?parent=249"}],"curies":[{"name":"wp","href":"https:\/\/api.w.org\/{rel}","templated":true}]}}