{"id":131,"date":"2023-01-26T18:28:35","date_gmt":"2023-01-26T17:28:35","guid":{"rendered":"http:\/\/osadnicy.org.pl\/?page_id=131"},"modified":"2023-01-26T18:28:35","modified_gmt":"2023-01-26T17:28:35","slug":"wladze-stowarzyszenia","status":"publish","type":"page","link":"https:\/\/osadnicy.org\/index.php\/kontakt\/wladze-stowarzyszenia\/","title":{"rendered":"W\u0142adze Stowarzyszenia"},"content":{"rendered":"\n<p><strong>SK\u0141AD ZARZ\u0104DU:<\/strong><br><br><strong>Mieczys\u0142aw W\u00f3jcik<\/strong>&nbsp;&#8211; prezes<br><strong>Jan Rudzi\u0144ski<\/strong>&nbsp;&#8211; wiceprezes<br><strong>Janusz Szuba<\/strong>&nbsp;&#8211; wiceprezes<br><strong>Micha\u0142 Bronowicki<\/strong>&nbsp;&#8211; sekretarz<br><strong>Jadwiga Kot<\/strong>&nbsp;&#8211; skarbnik<br><strong>Bernard Malinowski<\/strong>&nbsp;&#8211; cz\u0142onek<br><strong>Czes\u0142aw Skar\u017cy\u0144ski<\/strong>&nbsp;&#8211; cz\u0142onek<br><strong>Jan Zubelewicz<\/strong>&nbsp;&#8211; cz\u0142onek<\/p>\n\n\n\n<p><strong>KOMISJA REWIZYJNA:<\/strong><br><br><strong>Tadeusz Ku\u0142akowski<\/strong>&nbsp;&#8211; przewodnicz\u0105cy<br><strong>Jerzy Baluch<\/strong>&nbsp;&#8211; cz\u0142onek<br><strong>Roman Janiak<\/strong>&nbsp;&#8211; cz\u0142onek<\/p>\n\n\n\n<p><strong>S\u0104D KOLE\u017bE\u0143SKI:<\/strong><br><br><strong>Zygmunt Maguza<\/strong>&nbsp;&#8211; przewodnicz\u0105cy<br><strong>Agnieszka Piszewska<\/strong>&nbsp;&#8211; cz\u0142onek<br><strong>Anna Siemi\u0105tkowska<\/strong>&nbsp;&#8211; cz\u0142onek<\/p>\n\n\n\n<p><strong>Dzia\u0142alno\u015b\u0107:<\/strong><\/p>\n\n\n\n<ul class=\"wp-block-list\">\n<li>Wydawanie Kwartalnika&nbsp;<a href=\"http:\/\/osadnicy.org.\/stanice.htm\"><em>KRESOWE STANICE<\/em><\/a>. Pierwszy numer ukaza\u0142 si\u0119 w grudniu 1997 roku. Redaktorem naczelnym i technicznym jest Janusz Szuba.<\/li>\n\n\n\n<li>Organizowanie co 2 lata \u015awiatowych Zjazd\u00f3w Rodzin Osadnik\u00f3w Wojskowych i Cywilnych Kres\u00f3w Wschodnich. Ostatni XI Zjazd odby\u0142 si\u0119 9-10 wrze\u015bnia 2017 roku w Warszawie. Kolejny Zjazd zaplanowany jest na wrzesie\u0144 2019 roku.<\/li>\n\n\n\n<li>Gromadzenie dokument\u00f3w dotycz\u0105cych historii osadnictwa na Kresach w latach II Rzeczypospolitej, sporz\u0105dzenie wykazu imiennego rodzin osadniczych i mapy osad.<\/li>\n\n\n\n<li>Uczestnictwo w z\u0142o\u017conym procesie kultywowania pami\u0119ci o polskim dziedzictwie pozostawionym na Kresach oraz rozbudzanie \u015bwiadomo\u015bci narodowej Polak\u00f3w zamieszka\u0142ych za wschodni\u0105 granic\u0105 Polski.<\/li>\n\n\n\n<li>Nawi\u0105zywanie kontakt\u00f3w i wsp\u00f3\u0142dzia\u0142anie ze Stowarzyszeniami i instytucjami pa\u0144stwowymi, zajmuj\u0105cymi si\u0119 problematyk\u0105 kresow\u0105.<\/li>\n\n\n\n<li>Uczestnictwo w dora\u017anej pomocy polskim szko\u0142om, ko\u015bcio\u0142om i Polakom na Wschodzie.<\/li>\n\n\n\n<li>Utrwalanie pami\u0119ci o tragicznych losach Polak\u00f3w na Kresach Wschodnich po 17 wrze\u015bnia 1939 roku.<\/li>\n<\/ul>\n\n\n","protected":false},"excerpt":{"rendered":"<p>SK\u0141AD ZARZ\u0104DU: Mieczys\u0142aw W\u00f3jcik&nbsp;&#8211; prezesJan Rudzi\u0144ski&nbsp;&#8211; wiceprezesJanusz Szuba&nbsp;&#8211; wiceprezesMicha\u0142 Bronowicki&nbsp;&#8211; sekretarzJadwiga Kot&nbsp;&#8211; skarbnikBernard Malinowski&nbsp;&#8211; cz\u0142onekCzes\u0142aw Skar\u017cy\u0144ski&nbsp;&#8211; cz\u0142onekJan Zubelewicz&nbsp;&#8211; cz\u0142onek KOMISJA REWIZYJNA: Tadeusz Ku\u0142akowski&nbsp;&#8211; przewodnicz\u0105cyJerzy Baluch&nbsp;&#8211; cz\u0142onekRoman Janiak&nbsp;&#8211; cz\u0142onek S\u0104D KOLE\u017bE\u0143SKI:<\/p>\n","protected":false},"author":1,"featured_media":0,"parent":52,"menu_order":0,"comment_status":"closed","ping_status":"closed","template":"","meta":{"footnotes":""},"class_list":["post-131","page","type-page","status-publish","hentry","comments-off"],"_links":{"self":[{"href":"https:\/\/osadnicy.org\/index.php\/wp-json\/wp\/v2\/pages\/131","targetHints":{"allow":["GET"]}}],"collection":[{"href":"https:\/\/osadnicy.org\/index.php\/wp-json\/wp\/v2\/pages"}],"about":[{"href":"https:\/\/osadnicy.org\/index.php\/wp-json\/wp\/v2\/types\/page"}],"author":[{"embeddable":true,"href":"https:\/\/osadnicy.org\/index.php\/wp-json\/wp\/v2\/users\/1"}],"replies":[{"embeddable":true,"href":"https:\/\/osadnicy.org\/index.php\/wp-json\/wp\/v2\/comments?post=131"}],"version-history":[{"count":0,"href":"https:\/\/osadnicy.org\/index.php\/wp-json\/wp\/v2\/pages\/131\/revisions"}],"up":[{"embeddable":true,"href":"https:\/\/osadnicy.org\/index.php\/wp-json\/wp\/v2\/pages\/52"}],"wp:attachment":[{"href":"https:\/\/osadnicy.org\/index.php\/wp-json\/wp\/v2\/media?parent=131"}],"curies":[{"name":"wp","href":"https:\/\/api.w.org\/{rel}","templated":true}]}}

Władze Stowarzyszenia

<p><strong>SKŁAD ZARZĄDU:</strong><br><br><strong>Mieczysław Wójcik</strong>&nbsp;&#8211; prezes<br><strong>Jan Rudziński</strong>&nbsp;&#8211; wiceprezes<br><strong>Janusz Szuba</strong>&nbsp;&#8211; wiceprezes<br><strong>Michał Bronowicki</strong>&nbsp;&#8211; sekretarz<br><strong>Jadwiga Kot</strong>&nbsp;&#8211; skarbnik<br><strong>Bernard Malinowski</strong>&nbsp;&#8211; członek<br><strong>Czesław Skarżyński</strong>&nbsp;&#8211; członek<br><strong>Jan Zubelewicz</strong>&nbsp;&#8211; członek</p>



<p><strong>KOMISJA REWIZYJNA:</strong><br><br><strong>Tadeusz Kułakowski</strong>&nbsp;&#8211; przewodniczący<br><strong>Jerzy Baluch</strong>&nbsp;&#8211; członek<br><strong>Roman Janiak</strong>&nbsp;&#8211; członek</p>



<p><strong>SĄD KOLEŻEŃSKI:</strong><br><br><strong>Zygmunt Maguza</strong>&nbsp;&#8211; przewodniczący<br><strong>Agnieszka Piszewska</strong>&nbsp;&#8211; członek<br><strong>Anna Siemiątkowska</strong>&nbsp;&#8211; członek</p>



<p><strong>Działalność:</strong></p>



<ul class="wp-block-list">
<li>Wydawanie Kwartalnika&nbsp;<a href="http://osadnicy.org./stanice.htm"><em>KRESOWE STANICE</em></a>. Pierwszy numer ukazał się w grudniu 1997 roku. Redaktorem naczelnym i technicznym jest Janusz Szuba.</li>



<li>Organizowanie co 2 lata Światowych Zjazdów Rodzin Osadników Wojskowych i Cywilnych Kresów Wschodnich. Ostatni XI Zjazd odbył się 9-10 września 2017 roku w Warszawie. Kolejny Zjazd zaplanowany jest na wrzesień 2019 roku.</li>



<li>Gromadzenie dokumentów dotyczących historii osadnictwa na Kresach w latach II Rzeczypospolitej, sporządzenie wykazu imiennego rodzin osadniczych i mapy osad.</li>



<li>Uczestnictwo w złożonym procesie kultywowania pamięci o polskim dziedzictwie pozostawionym na Kresach oraz rozbudzanie świadomości narodowej Polaków zamieszkałych za wschodnią granicą Polski.</li>



<li>Nawiązywanie kontaktów i współdziałanie ze Stowarzyszeniami i instytucjami państwowymi, zajmującymi się problematyką kresową.</li>



<li>Uczestnictwo w doraźnej pomocy polskim szkołom, kościołom i Polakom na Wschodzie.</li>



<li>Utrwalanie pamięci o tragicznych losach Polaków na Kresach Wschodnich po 17 września 1939 roku.</li>
</ul>

<p>SKŁAD ZARZĄDU: Mieczysław Wójcik&nbsp;&#8211; prezesJan Rudziński&nbsp;&#8211; wiceprezesJanusz Szuba&nbsp;&#8211; wiceprezesMichał Bronowicki&nbsp;&#8211; sekretarzJadwiga Kot&nbsp;&#8211; skarbnikBernard Malinowski&nbsp;&#8211; członekCzesław Skarżyński&nbsp;&#8211; członekJan Zubelewicz&nbsp;&#8211; członek KOMISJA REWIZYJNA: Tadeusz Kułakowski&nbsp;&#8211; przewodniczącyJerzy Baluch&nbsp;&#8211; członekRoman Janiak&nbsp;&#8211; członek SĄD KOLEŻEŃSKI:</p>
