{"id":364,"date":"2023-06-22T19:44:29","date_gmt":"2023-06-22T17:44:29","guid":{"rendered":"http:\/\/osadnicy.org.pl\/?page_id=364"},"modified":"2023-06-22T19:44:29","modified_gmt":"2023-06-22T17:44:29","slug":"numer-17","status":"publish","type":"page","link":"http:\/\/osadnicy.org\/index.php\/kresowe-stanice\/archiwalne-numery\/numer-17\/","title":{"rendered":"rok XX, Nr 1,2 \/ 2016 (72)"},"content":{"rendered":"\n<p>pa\u017adziernik 2015<\/p>\n\n\n\n<p><\/p>\n\n\n\n<p><\/p>\n\n\n\n<figure class=\"wp-block-image size-full\"><img decoding=\"async\" src=\"http:\/\/osadnicy.org\/wp-content\/uploads\/2023\/06\/72midi.jpg\" alt=\"\" class=\"wp-image-370\"\/><\/figure>\n\n\n\n<p><\/p>\n\n\n\n<p><strong>SPIS TRE\u015aCI<\/strong><\/p>\n\n\n\n<p><em>Zbigniew Herbert<\/em><br><strong>Pan Cogito o potrzebie \u015bcis\u0142o\u015bci<\/strong> (fragment)&nbsp;(<a rel=\"noreferrer noopener\" href=\"http:\/\/www.osadnicy.org\/004wiersz72.pdf\" target=\"_blank\">czytaj PDF &gt;&gt;&gt;<\/a>)<\/p>\n\n\n\n<p><strong>Od redakcji&nbsp;<\/strong>(<a href=\"http:\/\/www.osadnicy.org\/005-006od_redakcji72.pdf\" target=\"_blank\" rel=\"noreferrer noopener\">czytaj PDF &gt;&gt;&gt;<\/a>)<\/p>\n\n\n\n<p><em>Micha\u0142 Bronowicki<\/em><br><strong>J\u00f3zef Pi\u0142sudski a mniejszo\u015b\u0107 litewska i bia\u0142oruska w II RP<\/strong><\/p>\n\n\n\n<div class=\"wp-block-group\"><div class=\"wp-block-group__inner-container is-layout-constrained wp-block-group-is-layout-constrained\">\n<div class=\"wp-block-group\"><div class=\"wp-block-group__inner-container is-layout-constrained wp-block-group-is-layout-constrained\">\n<div class=\"wp-block-group\"><div class=\"wp-block-group__inner-container is-layout-constrained wp-block-group-is-layout-constrained\">\n<p><em>Mieczys\u0142aw Metler<\/em><br><strong>Ocalone przed zapomnieniem<\/strong><\/p>\n\n\n\n<p><em>Jerzy Tereszczenko-Podbereski<\/em><br><strong>Opowie\u015b\u0107 lotnicza<\/strong> (cz. 2.)\u00a0(<a rel=\"noreferrer noopener\" href=\"http:\/\/www.osadnicy.org\/024-065tereszczenko889.pdf\" target=\"_blank\">czytaj PDF >>><\/a>)<\/p>\n<\/div><\/div>\n<\/div><\/div>\n<\/div><\/div>\n\n\n\n<p><em>Daniel Bo\u0107kowski<\/em><br><strong>Status deportowanych w g\u0142\u0105b Zwi\u0105zku Sowieckiego<\/strong><\/p>\n\n\n\n<p><em>Aneta Skar\u017cy\u0144ski<\/em><br><strong>Artystyczna podr\u00f3\u017c po Kresach. Zalesie<\/strong> (cz. 4.)<\/p>\n\n\n\n<p><em>Aneta Skar\u017cy\u0144ski<\/em><br><strong>Wyspy Pieprzowe. Trampek Kopciuszka<\/strong> (fragment)<\/p>\n\n\n\n<p><em>Adam Stefan Lewandowski<\/em><br><strong>&#8222;Mi\u0142e miasto&#8221; zdobyte!<\/strong><\/p>\n\n\n\n<p><em>Redakcja KS<\/em><br><strong>Biblijna podr\u00f3\u017c z muzyk\u0105<\/strong><\/p>\n\n\n\n<p><em>Janusz P\u0142o\u0144ski<\/em><br><strong>Stefan Banach &#8211; geniusz ze Lwowa<\/strong><\/p>\n\n\n\n<p><em>Jan Czes\u0142aw Kozakowski<\/em><br><strong>Franciszek Kozakowski (1897-1992)<\/strong> (cz. 2.)<\/p>\n\n\n\n<p><em>Franciszek \u015alusarz<\/em><br><strong>Zsy\u0142ka, wojna i emigracja<\/strong> (cz. 4.)<\/p>\n\n\n\n<p><em>Antoni Lenkiewicz<\/em><br><strong>Kalendarium polskich zmaga\u0144 z Rosj\u0105 Sowieck\u0105 w latach 1939-1989<\/strong> (cz. 48.)<\/p>\n\n\n\n<p><em>Antoni Lenkiewicz<\/em><br><strong>Uczestnik i \u015bwiadek historii Polski<\/strong> (cz. 4.)<\/p>\n\n\n\n<p><em>Mieczys\u0142aw Metler<\/em><br><strong>K\u0105cik poetycki<br>Przez Workut\u0119 do 307 Nocnego Dywizjonu My\u015bliwskiego Lwowskiego czyli do &#8222;Lwowskicch Puhaczy&#8221;<\/strong><\/p>\n\n\n\n<p><em>Janina Szumska-Wojdy\u0142o<\/em><br><strong>Kresowianie po wojnie<\/strong><\/p>\n\n\n\n<p><em>Tadeusz Ku\u0142akowski<\/em><br><strong>Zapami\u0119tane przeze mnie \u0107wiczenia Wojska Polskiego na Kresach Wschodnich, na terenie osady Wielmowo<\/strong><\/p>\n\n\n\n<p><em>Tadeusz Ku\u0142akowski<\/em><br><strong>Spotkanie z wychowankami M\u0142odzie\u017cowego O\u015brodka Wychowawczego w Warszawie<\/strong><\/p>\n\n\n\n<p><em>Krystyna \u015awirniak-Mateuszuk<\/em><br><strong>XVIII Zjazd Klubu Paw\u0142odarczyka<\/strong><\/p>\n\n\n\n<p><em>Renata Runiewicz-Jasi\u0144ska<\/em><br><strong>Wywiad z Czes\u0142awem Skar\u017cy\u0144skim<\/strong><\/p>\n\n\n\n<p><em><em>Mieczys\u0142aw W\u00f3jcik<\/em><\/em><br><strong><strong>Nasze sprawy<\/strong><\/strong><\/p>\n\n\n\n<p><strong>Z \u017ca\u0142obnej karty<\/strong><\/p>\n","protected":false},"excerpt":{"rendered":"<p>pa\u017adziernik 2015 SPIS TRE\u015aCI Zbigniew HerbertPan Cogito o potrzebie \u015bcis\u0142o\u015bci (fragment)&nbsp;(czytaj PDF &gt;&gt;&gt;) Od redakcji&nbsp;(czytaj PDF &gt;&gt;&gt;) Micha\u0142 BronowickiJ\u00f3zef Pi\u0142sudski a mniejszo\u015b\u0107 litewska i bia\u0142oruska w II RP Mieczys\u0142aw MetlerOcalone<\/p>\n","protected":false},"author":1,"featured_media":0,"parent":268,"menu_order":72,"comment_status":"closed","ping_status":"closed","template":"","meta":{"footnotes":""},"class_list":["post-364","page","type-page","status-publish","hentry","comments-off"],"_links":{"self":[{"href":"http:\/\/osadnicy.org\/index.php\/wp-json\/wp\/v2\/pages\/364","targetHints":{"allow":["GET"]}}],"collection":[{"href":"http:\/\/osadnicy.org\/index.php\/wp-json\/wp\/v2\/pages"}],"about":[{"href":"http:\/\/osadnicy.org\/index.php\/wp-json\/wp\/v2\/types\/page"}],"author":[{"embeddable":true,"href":"http:\/\/osadnicy.org\/index.php\/wp-json\/wp\/v2\/users\/1"}],"replies":[{"embeddable":true,"href":"http:\/\/osadnicy.org\/index.php\/wp-json\/wp\/v2\/comments?post=364"}],"version-history":[{"count":0,"href":"http:\/\/osadnicy.org\/index.php\/wp-json\/wp\/v2\/pages\/364\/revisions"}],"up":[{"embeddable":true,"href":"http:\/\/osadnicy.org\/index.php\/wp-json\/wp\/v2\/pages\/268"}],"wp:attachment":[{"href":"http:\/\/osadnicy.org\/index.php\/wp-json\/wp\/v2\/media?parent=364"}],"curies":[{"name":"wp","href":"https:\/\/api.w.org\/{rel}","templated":true}]}}